{"id":18,"date":"2016-09-07T08:22:52","date_gmt":"2016-09-07T06:22:52","guid":{"rendered":"http:\/\/www.gallerialcolica.com\/?page_id=18"},"modified":"2023-02-28T10:42:17","modified_gmt":"2023-02-28T09:42:17","slug":"cookie-policy","status":"publish","type":"page","link":"http:\/\/www.gallerialcolica.com\/?page_id=18","title":{"rendered":"Cookie policy"},"content":{"rendered":"<div class=\"pdfprnt-buttons pdfprnt-buttons-page pdfprnt-top-right\"><a href=\"http:\/\/www.gallerialcolica.com\/index.php?rest_route=%2Fwp%2Fv2%2Fpages%2F18&print=pdf\" class=\"pdfprnt-button pdfprnt-button-pdf\" target=\"_blank\"><img src=\"http:\/\/www.gallerialcolica.com\/wp-content\/plugins\/pdf-print\/images\/pdf.png\" alt=\"image_pdf\" title=\"View PDF\" \/><\/a><a href=\"http:\/\/www.gallerialcolica.com\/index.php?rest_route=%2Fwp%2Fv2%2Fpages%2F18&print=print\" class=\"pdfprnt-button pdfprnt-button-print\" target=\"_blank\"><img src=\"http:\/\/www.gallerialcolica.com\/wp-content\/plugins\/pdf-print\/images\/print.png\" alt=\"image_print\" title=\"Print Content\" \/><\/a><\/div><p><\/p>\n<header>\n<h1>Cookie policy<\/h1>\n<\/header>\n<div align=\"justify\">\n<h4 class=\"qtranxs-available-languages-message qtranxs-available-languages-message-en\">Informativa estesa sui cookie<\/h4>\n<p class=\"qtranxs-available-languages-message qtranxs-available-languages-message-en\">Ai sensi degli artt. 13 e 122 del D. Lgs. 196\/2003 (\u201ccodice privacy\u201d), nonch\u00e9 in base a quanto previsto dal Provvedimento generale del Garante privacy dell\u20198 maggio 2014, STABILE DISTRIBUZIONE (Via Volta 92 \u2013 21047\u00a0saronno (VA) &#8211; P.IVA 03533710129 &#8211; C.F. 03533710129), titolare del trattamento, intende informare gli utenti del sito\u00a0<em>www.gallerialcolica.com<\/em>\u00a0di alcune informazioni relative ai cookie utilizzati.<\/p>\n<h4>I cookie e la loro gestione<\/h4>\n<p>I cookie sono piccoli file di testo conservati nel computer dell\u2019utente al momento in cui questo accede ad un determinato sito per immagazzinare informazioni per il funzionamento del sito, per eseguire autenticazioni automatiche, per memorizzare informazioni riguardanti gli utenti anche a fini statistici.<br \/>\nI cookie tecnici hanno la funzione di permettere lo svolgimento di attivit\u00e0 strettamente legate al funzionamento di questo spazio online. I cookie tecnici utilizzati da\u00a0<em>www.gallerialcolica.com<\/em>\u00a0possono essere suddivisi nelle seguenti sottocategorie:<br \/>\n\u2013 cookie di navigazione utilizzati per salvare le preferenze di navigazione ed ottimizzare l\u2019esperienza di navigazione dell\u2019utente;<br \/>\n\u2013 cookie analytics utilizzati per acquisire informazioni statistiche in merito alle modalit\u00e0 di navigazione degli utenti; tali informazioni sono trattate in forma aggregata ed anonima;<br \/>\n\u2013 cookie di funzionalit\u00e0, anche di terze parti, utilizzati per attivare specifiche funzionalit\u00e0 di questo spazio online e necessari ad erogare il servizio o a migliorarlo.<br \/>\nQueste tipologie di cookie non necessitano del preventivo consenso dell\u2019utente per essere installati ed utilizzati.<br \/>\nNelle pagine e all\u2019interno dei contenuti di\u00a0<em>www.gallerialcolica.com\u00a0<\/em>\u00e8 possibile trovare inoltre informazioni che provengono da siti esterni come, ad esempio, \u00a0i widget di Facebook\u00a0ed altre tipologie simili; tali servizi potrebbero registrare sul browser dell\u2019utente dei propri cookie, la cui gestione e registrazione \u00e8 eseguita in modo del tutto indipendente da\u00a0<em>www.gallerialcolica.com<\/em>\u00a0e pertanto si raccomanda di prendere visione delle privacy policy e delle cookie policy di tali siti.\u00a0<em>www.gallerialcolica.com<\/em>\u00a0non risponde inoltre di collegamenti ad altri siti web con proprie informative sulla privacy; vi consigliamo sempre di fare riferimento anche in questo caso alle privacy policy e alle cookie policy di tali siti.<br \/>\nLa gestione dei cookie \u00e8 controllabile dell\u2019utente stesso che pu\u00f2 impedire la registrazione dei cookie, cancellarli o semplicemente selezionare quelli che desidera conservare attraverso le funzioni del proprio browser.\u00a0<em>www.gallerialcolica.com<\/em>, secondo la normativa vigente, non \u00e8 tenuto a chiedere consenso per i cookie tecnici e di analytics in quanto necessari a fornire i servizi presenti sul sito. Per tutte le altre tipologie di cookie il consenso pu\u00f2 essere espresso nei seguenti modi:<br \/>\n\u2013 configurando ad hoc il browser utilizzato o il programma informatico utilizzato per navigare<br \/>\n\u2013 modificando le impostazioni nell\u2019uso dei servizi di terze parti<br \/>\nIn entrambi i casi l\u2019utente potrebbe non visualizzare o non poter usare parti del sito\u00a0<em>www.gallerialcolica.com<\/em>.<\/p>\n<h4>I cookie presenti su questo sito<\/h4>\n<h4>Cookie del titolare<\/h4>\n<p><em>www.gallerialcolica.com<\/em> utilizza:<br \/>\n\u2013 <em>phpsessid<\/em> e\u00a0cookie\u00a0similari per consentire la navigazione dell\u2019utente attraverso le sue pagine<br \/>\n\u2013 <em>wordpress_<\/em>\u00a0e\u00a0cookie\u00a0similari per consentire la navigazione dell\u2019utente attraverso le sue pagine<br \/>\n\u2013 <em>cookie_notice_accepted<\/em> per\u00a0memorizzare l\u2019accettazione dell\u2019utente della nostra cookie policy<br \/>\n\u2013 <em>qtrans_\u00a0<\/em>per\u00a0la navigazione nel sito con la lingua scelta<br \/>\n\u2013 <em>woocommerce_items_in_cart<\/em>\u00a0per\u00a0il corretto funzionamento dell\u2019e-commerce<br \/>\n\u2013\u00a0<em>woocommerce_cart_trash<\/em>\u00a0per\u00a0il corretto funzionamento dell\u2019e-commerce<br \/>\n\u2013\u00a0<em>woocommerce_<\/em> per\u00a0il corretto funzionamento dell\u2019e-commerce<br \/>\n\u2013 <em>wp_woocommerce_session_<\/em> per\u00a0il corretto funzionamento dell\u2019e-commerce<\/p>\n<h4>Cookie di terze parti<\/h4>\n<p>Attraverso il sito\u00a0<em>www.gallerialcolica.com<\/em>\u00a0sono installati alcuni cookie di terze parti, anche profilanti, che si attivano accettando il banner informativo (informativa breve). Alcuni dei servizi elencati di seguito inoltre potrebbero non richiedere il consenso dell\u2019utente o potrebbero essere gestiti direttamente dal proprio titolare senza l\u2019ausilio di terzi. Tali servizi potrebbero \u2013 in aggiunta a quanto specificato ed anche all\u2019insaputa di STABILE DISTRIBUZIONE \u2013 compiere attivit\u00e0 di tracciamento dell\u2019utente. Per informazioni dettagliate in merito, si consiglia di consultare le privacy policy dei servizi elencati.<br \/>\n<strong>Pulsante Mi Piace e widget sociali di Facebook (Facebook, Inc.)<\/strong><br \/>\nIl pulsante \u201cMi Piace\u201d e i widget sociali di Facebook sono servizi di interazione con il social network Facebook, forniti da Facebook, Inc.<br \/>\nDati personali raccolti: Cookie e Dati di utilizzo. \u2013 Luogo del trattamento : USA<br \/>\nPrivacy Policy: <a href=\"https:\/\/www.facebook.com\/privacy\/explanation\" target=\"_blank\">https:\/\/www.facebook.com\/privacy\/explanation<\/a><br \/>\n<strong>Pulsante e widget di PayPal (paypal.com)<\/strong><br \/>\nIl pulsante e il widget di PayPal permettono la gestione delle carte di credito o del pagamento paypal per il saldo dell\u2019acquisto effettuato sul nostro e-commerce.<br \/>\nDati personali raccolti: Cookie e Dati di utilizzo.<br \/>\nPrivacy Policy: <a href=\"https:\/\/www.paypal.com\/it\/webapps\/mpp\/ua\/privacy-full\" target=\"_blank\">https:\/\/www.paypal.com\/it\/webapps\/mpp\/ua\/privacy-full<\/a><\/p>\n<h4>Conferimento dei dati<\/h4>\n<p>Fatta eccezione per i cookie tecnici strettamente necessari alla normale navigazione, il conferimento dei dati \u00e8 rimesso alla volont\u00e0 dell\u2019interessato che decida di navigare sul sito dopo aver preso visione dell\u2019informativa breve contenuta nell\u2019apposito banner e di usufruire dei servizi di terze parti che comportano l\u2019installazione di cookie.<br \/>\nL\u2019interessato pu\u00f2 quindi evitare l\u2019installazione dei cookie attraverso le apposite funzioni disponibili sul proprio browser (il browser \u00e8 il programma che si utilizza per navigare i siti web). Sempre tramite il proprio browser pu\u00f2 anche cancellare in un secondo momento i cookie gi\u00e0 memorizzati.<\/p>\n<h4>Disabilitazione dei cookie<\/h4>\n<p>L\u2019Utente pu\u00f2 gestire le preferenze relative ai cookie direttamente dal proprio browser ed impedire che terze parti possano installarne. Tramite le preferenze del browser \u00e8 inoltre possibile eliminare i cookie installati in passato, incluso il cookie in cui venga eventualmente salvato il consenso all\u2019installazione di cookie da parte di questo sito. \u00c8 importante notare che disabilitando tutti i cookie il funzionamento di questo sito potrebbe essere compromesso.<br \/>\nCiascun browser presenta procedure diverse per la gestione delle impostazioni. L\u2019utente pu\u00f2 approfondire le modalit\u00e0 con cui il suo browser memorizza i cookie durante la navigazione ed ottenere istruzioni specifiche per la cancellazione seguendo i link dei siti dei rispettivi fornitori:<br \/>\n\u2013 Mozilla Firefox: <a href=\"https:\/\/support.mozilla.org\/it\/kb\/Gestione%20dei%20cookie\" target=\"_blank\">https:\/\/support.mozilla.org\/it\/kb\/Gestione%20dei%20cookie<\/a><br \/>\n\u2013 Google Chrome: <a href=\"https:\/\/support.google.com\/chrome\/answer\/95647?hl=it\" target=\"_blank\">https:\/\/support.google.com\/chrome\/answer\/95647?hl=it<\/a><br \/>\n\u2013 Internet Explorer: <a href=\"http:\/\/windows.microsoft.com\/it-it\/windows-vista\/block-or-allow-cookies\" target=\"_blank\">http:\/\/windows.microsoft.com\/it-it\/windows-vista\/block-or-allow-cookies<\/a><br \/>\n\u2013 Safari 6\/7 Mavericks: <a href=\"https:\/\/support.apple.com\/kb\/PH17191?viewlocale=it_IT%3Cspan%20class=%27ampersand%27%3E&amp;%3C\/span%3Elocale=it_IT\" target=\"_blank\">https:\/\/support.apple.com\/kb\/PH17191?viewlocale=it_IT&amp;locale=it_IT<\/a><br \/>\n\u2013 Safari 8 Yosemite: <a href=\"https:\/\/support.apple.com\/kb\/PH19214?viewlocale=it_IT&amp;locale=it_IT\" target=\"_blank\">https:\/\/support.apple.com\/kb\/PH19214?viewlocale=it_IT&amp;locale=it_IT<\/a><br \/>\n\u2013 Safari su iPhone, iPad, o iPod touch: <a href=\"https:\/\/support.apple.com\/it-it\/HT201265\" target=\"_blank\">https:\/\/support.apple.com\/it-it\/HT201265<\/a><br \/>\nNel caso in cui il tuo browser non sia presente all\u2019interno di questo elenco puoi richiedere maggiori informazioni inviando una email all\u2019indirizzo\u00a0<a href=\"mailto:info@gallerialcolica.com\">info@gallerialcolica.com<\/a>. Provvederemo a fornirti le informazioni necessarie per una navigazione anonima e sicura.<br \/>\n\u00c8 possibile inoltre navigare impedendo temporaneamente che il browser registri i cookie generati dai siti abilitando la \u201cnavigazione in incognito\u201d (detta anche \u201cnavigazione privata o \u201cnavigazione anonima\u201d) disponibile sui moderni browser. Se questa modalit\u00e0 \u00e8 attivata il browser, a seconda della versione utilizzata, non registra cookie o registra solo alcuni cookie necessari al funzionamento del sito. I cookie vengono comunque cancellati una volta chiusa la finestra del browser. Inoltre, sempre tenendo questa modalit\u00e0 attiva, non vengono salvati i siti visualizzati nella cronologia del browser e non vengono salvate le informazioni digitate nei moduli presenti nelle pagine. Maggiori informazioni e le istruzioni per attivarla sono disponibili sui siti di supporto del browser utilizzato (vedi elenco precedente).<br \/>\nLa disattivazione dei cookie di terze parti \u00e8 inoltre possibile attraverso le modalit\u00e0 rese disponibili direttamente dalle societ\u00e0 terze titolari di detto trattamento (vedi il paragrafo precedente \u201ccookie di terze parti\u201d). In caso di servizi erogati da terze parti l\u2019utente pu\u00f2 inoltre esercitare il proprio diritto ad opporsi al tracciamento informandosi tramite la privacy policy della terza parte o contattando direttamente la societ\u00e0 terza titolare.<\/p>\n<p>Vista l\u2019oggettiva complessit\u00e0 legata all\u2019identificazione delle tecnologie basate sui cookie ed alla loro integrazione molto stretta con il funzionamento del web, l\u2019utente \u00e8 invitato a contattare\u00a0<em>www.gallerialcolica.com<\/em>\u00a0qualora volesse ricevere qualunque approfondimento relativo all\u2019utilizzo dei cookie stessi e ad eventuali utilizzi degli stessi \u2013 ad esempio ad opera di terzi \u2013 effettuati tramite il nostro spazio web.<\/p>\n<hr \/>\n<p><strong>Ultimo aggiornamento<\/strong><br \/>\n28 febbraio 2023<\/p>\n<\/div>\n<p><\/p>","protected":false},"excerpt":{"rendered":"<p>Cookie policy Informativa estesa sui cookie Ai sensi degli artt. 13 e 122 del D. Lgs. 196\/2003 (\u201ccodice privacy\u201d), nonch\u00e9 in base a quanto previsto dal Provvedimento generale del Garante privacy dell\u20198 maggio 2014,&#46;&#46;&#46;<\/p>\n","protected":false},"author":4,"featured_media":0,"parent":0,"menu_order":0,"comment_status":"closed","ping_status":"closed","template":"","meta":[],"_links":{"self":[{"href":"http:\/\/www.gallerialcolica.com\/index.php?rest_route=\/wp\/v2\/pages\/18"}],"collection":[{"href":"http:\/\/www.gallerialcolica.com\/index.php?rest_route=\/wp\/v2\/pages"}],"about":[{"href":"http:\/\/www.gallerialcolica.com\/index.php?rest_route=\/wp\/v2\/types\/page"}],"author":[{"embeddable":true,"href":"http:\/\/www.gallerialcolica.com\/index.php?rest_route=\/wp\/v2\/users\/4"}],"replies":[{"embeddable":true,"href":"http:\/\/www.gallerialcolica.com\/index.php?rest_route=%2Fwp%2Fv2%2Fcomments&post=18"}],"version-history":[{"count":7,"href":"http:\/\/www.gallerialcolica.com\/index.php?rest_route=\/wp\/v2\/pages\/18\/revisions"}],"predecessor-version":[{"id":2585,"href":"http:\/\/www.gallerialcolica.com\/index.php?rest_route=\/wp\/v2\/pages\/18\/revisions\/2585"}],"wp:attachment":[{"href":"http:\/\/www.gallerialcolica.com\/index.php?rest_route=%2Fwp%2Fv2%2Fmedia&parent=18"}],"curies":[{"name":"wp","href":"https:\/\/api.w.org\/{rel}","templated":true}]}}